6. Suppose 8 = -n + x*j, 5*j + 1 = -5*n + 6. Determine i(n).
-1
Let x(y) be the first derivative of -32*y**3/3 - y**2/2 - y - 116. Determine x(-1).
-32
Suppose -10 = -s - 2*c, -15 + 3 = 2*s - 4*c. Let h(l) = 12 - l**2 + 3*l - s*l**2 - 13 - l**3. Let v be (-14)/4 - (-3)/(-6). Give h(v).
3
Let q = -91 - -67. Let b = -20 - q. Let o(g) = -g**2 + 4*g - 5. Give o(b).
-5
Let l(c) = c**2 - c + 1. Let r = 6 + -3. Let t(i) = -i**2 + 3*i + 2. Let y be t(r). Let h be -1*(0/1 - y). Determine l(h).
3
Let f(x) = -x**3 + 7*x**2 + 6*x + 11. Let i(k) = 45 - 3*k**2 + 2*k**2 - 21*k - 75. Let y be i(-19). Calculate f(y).
-5
Suppose 58 = 3*s - 2*r, 12*s - 14*s - 3*r + 17 = 0. Let f(a) = a**3 - 17*a**2 + 15*a + 21. What is f(s)?
5
Let c(q) = -15*q**2 - 5*q + 11. Let a(g) = 7*g**2 + 3*g - 6. Let h(j) = -13*a(j) - 6*c(j). What is h(-9)?
12
Let l = -41 + 35. Let a(f) = -f - 2. Let x be a(l). Suppose 5*d + 0*p - 21 = 3*p, 3*d - 1 = -x*p. Let c(g) = 3*g - 4. Calculate c(d).
5
Let j(p) = -p + 3. Let y be 20/5*16/(-12)*3. Let h be 4 + (-52)/y - (-4)/(-16). Determine j(h).
-4
Let q be 5*2/((-2)/(-2)) + 1. Let o = 17 - q. Let y(g) be the third derivative of -g**4/12 + 4*g**3/3 - g**2. Determine y(o).
-4
Let h(w) be the first derivative of w**6/120 + w**5/10 + w**4/24 + 4*w**3/3 + 29*w**2/2 + 7. Let z(s) be the second derivative of h(s). Calculate z(-6).
2
Let v(a) = -61 + 9*a - 13*a + 16 - 60. Determine v(-25).
-5
Let r(j) be the first derivative of 2*j**3 + 7*j**2/2 + 23. Suppose -h + 25 = 4*h. Let f(u) = -5*u**2 - 7*u - 1. Let d(a) = h*f(a) + 4*r(a). Give d(-4).
7
Suppose -4*s = 3*v - 3*s + 4, 2*v = -s - 2. Let k(c) = 10*c - 5. Let u(h) = 9*h - 4. Let o(q) = -3*k(q) + 4*u(q). What is o(v)?
-13
Let x(v) be the second derivative of v + 0 + 0*v**4 + 1/120*v**5 + 5/6*v**3 + 0*v**2. Let c(f) be the second derivative of x(f). What is c(-5)?
-5
Let r be (-3)/(-2) - 5/(-10). Suppose 2*x + r*t = 30, -3*x + 0*x + 5*t + 5 = 0. Let d(s) = 1 - 23*s + x*s + 6*s. Give d(2).
-13
Let s(g) = g**3 - 7*g**2. Let p = 13 + -6. Let t be s(p). Let u(f) = -38*f + 6 + 37*f - 8. Give u(t).
-2
Let t = 8 + -1. Suppose 8*x - 4 = 6*x. Let v(y) = 11 + 0*y**2 + 3*y**x - 16 + 7*y - 4*y**2. Determine v(t).
-5
Let m(v) = 1009*v**2 + 1 + 2*v - 526*v**2 - 506*v**2. Calculate m(-1).
-24
Let j(b) = -3*b - 21. Let n(y) = -y + 34. Let a be n(43). What is j(a)?
6
Let d(i) be the third derivative of 1/8*i**4 - 8*i**2 + 0*i**3 + 0*i + 0. Give d(1).
3
Let c(t) = t**2 + t - 4. Let v = 142 + -147. Let n(h) = h**3 + 3*h**2 - 9*h - 1. Let k be n(v). Determine c(k).
26
Let k(s) be the third derivative of -s**5/20 + s**4/12 + s**3/3 - 2*s**2. Suppose 4*g + 5 + 13 = m, 2*m - 3 = -3*g. Suppose 2 = 4*a - m. Give k(a).
-6
Let m = 262 + -258. Let f(c) = c - 8. What is f(m)?
-4
Let z(v) be the first derivative of -v**3/6 + v**2 + 15*v + 2. Let g(p) be the first derivative of z(p). Give g(7).
-5
Let n(o) = o**3 - o**2 + o. Let l(m) = -13*m**2 - m + 15. Let f(q) = q**2 + q - 1. Let j(a) = -4*f(a) - l(a). Let u(i) = -j(i) - n(i). Determine u(-8).
-5
Suppose -3*d + 13 = -5*j, j - 6*d + d + 7 = 0. Let g(y) = y**3 + 2*y**2 + 3*y + 1. What is g(j)?
-5
Suppose -294 = 13*o - 27*o. Let u(v) = v**3 - 22*v**2 + 20*v + 23. What is u(o)?
2
Let b(w) = -4*w - 11. Suppose 5*i + 7*u - 4*u + 20 = 0, 5*i + 5*u + 20 = 0. Let m be b(i). Let r(z) = z - 2. Give r(m).
3
Let r = 24 + -14. Suppose 20 = -9*u + r*u. Suppose 0*n - 2*n + u = 4*s, -8 = -3*n + 5*s. Let h(z) = z**3 - 5*z**2 - 6*z. Determine h(n).
0
Let p(u) = 7*u + 2*u**2 + 0*u**2 - 6*u. Let y be (-1 + 2)*50/(-5). Let c = y + 9. Give p(c).
1
Let p(l) = -l**2 - l + 1. Let c(o) = -2*o - 4 + 11 - 6 + 13. Let h be c(13). Let q = h - -14. Determine p(q).
-5
Let j(a) = -a**2 - a + 2. Suppose -3*z - 76 = -94. Suppose -3*m = -m - 8. Suppose m*o - o + z = 0. Give j(o).
0
Let b(l) be the second derivative of -11*l**3/6 + l**2/2 - 426*l. Determine b(2).
-21
Suppose 0*g - 5*g = 6*g. Let r(x) = -x**3 + x**2 - x + 19. Give r(g).
19
Let k(m) = -m**3 - 3*m**2 + 4*m + 5. Let w be k(2). Let g(r) = r**2 + 5*r + 3. Let l(y) = -y. Let a(n) = -g(n) + 2*l(n). What is a(w)?
-3
Let s = -5 + 7. Let g(o) = 6*o - 9*o + 5*o + s*o. What is g(-1)?
-4
Let x(p) be the first derivative of 1/4*p**4 - 4 - 1/2*p**2 + 7*p + 0*p**3. Calculate x(0).
7
Let m(p) = p**3 + 8*p**2 - 8*p + 3. Let h be m(-9). Let x = h - -7. Let y(w) = 1. Let f(z) = z + 2. Let j(k) = x*y(k) - f(k). Determine j(6).
-7
Let b(z) = -4*z - z + 7*z + 1 - 14 - z. Calculate b(-10).
-23
Suppose 0 = 4*s + 4*v - 84, -2*s + 3*v + 23 = -4. Let f be (-264)/(-56) - (s/(-14) + 1). Let q(x) = -2*x + 7. What is q(f)?
-3
Let w(t) = 10*t**2 + t + 2. Let d be w(-1). Let l(b) = -b**2 + d*b - 6 - 9 + 19. Determine l(11).
4
Suppose 137 - 22 = -23*y. Let o = -4 - -7. Let l(w) = 0*w**3 + 1 - 4 - 5*w**2 - w**o. Determine l(y).
-3
Let a(g) = -g**3 - g**2 - 3*g - 4. Let l(v) = v**3 + v**2 + 6*v + 5. Let t(s) = 3*a(s) + 2*l(s). Let n be ((-3)/(-2))/((-3)/6). Give t(n).
7
Let h = 1 - 1. Let i(n) = -n**3 - 2*n**2 + 5*n + 6. Let o be i(-3). Let d(r) = -5 + r + o*r - 1. Calculate d(h).
-6
Let o(b) = -19*b + 2. Let r = 27 + -12. Let f(s) = 0*s + 1 - r*s + 5*s. Let m(x) = -5*f(x) + 2*o(x). Determine m(1).
11
Let m = -1395 + 1400. Let w(g) = -g**3 + 5*g**2 + 6*g + 5. Calculate w(m).
35
Let c(d) = -d**3 + d**2 + d. Let t(f) = f**3 + 8. Let a(i) = 2*c(i) + t(i). Give a(0).
8
Let g(f) be the third derivative of f**5/60 - 7*f**4/24 + f**3/6 + 70*f**2. Determine g(5).
-9
Let d(k) be the first derivative of 3*k - 1/2*k**2 - 1/4*k**4 + 3 + 0*k**3. Give d(0).
3
Let m(n) be the first derivative of 8*n**3/3 - n**2/2 - n + 65. Give m(-1).
8
Let n(g) be the third derivative of -g**5/60 + g**4 - g**3/6 + 904*g**2 - 2. What is n(24)?
-1
Let i be (-18)/90 + 56/5. Suppose i*l - 24 = 8*l. Suppose -x + 4*k + l = -2*x, 2*x - k = 11. Let c(a) = -a + 2. Determine c(x).
-2
Suppose -3*i + 2*d = -2*d - 260, 5*i - d = 422. Let w = i + -86. Let q(u) = 3*u**2 + 3*u + 3. Determine q(w).
9
Suppose y + 24 = -3*y. Let a(c) = -16*c + 32*c - 9 - 12*c - 8*c. Give a(y).
15
Let a be (-6)/((1 - 3) + 0). Let o(r) = a*r - 14*r - 6 + 9*r. Determine o(-6).
6
Let l(o) be the second derivative of -o**5/20 + o**4/3 + o**3/2 + 2*o**2 + o. Suppose 34*d - 69 - 101 = 0. What is l(d)?
-6
Let j(a) = 4*a + 9. Let m(y) = 2*y - 21. Let t be m(11). Let k(u) = -7*u**2 + 4*u - 3. Let c be k(t). What is j(c)?
-15
Suppose 55 = -5*u + 5*k, -k - 13 + 0 = 3*u. Let g(n) = -1 - n + 6 + 3*n. What is g(u)?
-7
Suppose 0 = -2*b - 2*o + 14, 2*b + 16 = 3*b - 2*o. Let x(d) = 2 - 9*d**2 + b*d**2 - 2*d - 4 + 0*d. Determine x(4).
6
Suppose 5*c = -10, 2*x + c = -0*x + 10. Let k be (18/(-8))/((-6)/32). Suppose 2*p = x*p + k. Let j(r) = r + 4. What is j(p)?
1
Let d(w) = -w**2 - 13*w + 32. Let s be d(-15). Suppose -2*n + 4*c + 14 = 0, -n + 6 - 1 = -c. Let y(l) = l - n*l + s - l. Give y(2).
-4
Let i(z) = z + 1. Let q(k) = -k + 6. Let b(t) = 2*i(t) + q(t). Give b(-6).
2
Suppose -a + 25*r = 22*r + 11, 3*a - r + 41 = 0. Let m(t) = -t**3 - 15*t**2 - 12*t + 26. Determine m(a).
-2
Let x(s) be the second derivative of -s**8/6720 + s**7/2520 - s**5/120 + 7*s**4/12 + 4*s. Let q(u) be the third derivative of x(u). Give q(-1).
1
Let w(k) = -20*k**2 - k + 1. Suppose 0 = 5*d - 20, 16 = 4*o - 7*o + 4*d. Suppose 3*u = 12, -18 = -2*s - 4*u - o*u. Determine w(s).
-20
Let i(q) = 11*q + 1. Let u be i(-2). Let r be (-2 + -1)*u/3. Let v be r/(-5) + (-3)/(-15). Let p(x) = x**3 + 3*x**2 - 1. Calculate p(v).
-17
Let l(h) = -h**2 - h - 20. Let a(v) = -v**3 - 5*v**2 + 15*v + 7. Let w be a(-7). Determine l(w).
-20
Let t(l) = -2*l - 2. Let a(h) = 5*h**2 + 37*h + 43. Let j be a(-6). Determine t(j).
-4
Let d(m) be the second derivative of m**5/20 - 5*m**4/12 + m**3/6 + 2*m**2 - 89*m - 2. What is d(4)?
-8
Let c(v) = v**3 + 5*v**2 - 5*v - 2. Suppose d + 12 - 18 = 0. Let m be -9 + d*1/2. What is c(m)?
-8
Let z(t) = -t**2 - 5*t + 2. Let r(h) be the second derivative of -h**5/20 - 3*h**2 + 10*h. Let g be r(0). Give z(g).
-4
Suppose 0 = 12*s - 6*s - 12. Let p(c) = 9*c**2 + 4*c**2 + 19*c**s - 7*c**2. Give p(1).
25
Let l(u) = -7*u**3 - 12*u**2 + 6*u - 9. Let k(f) = -8*f**3 - 13*f**2 + 7*f - 10. Let w(z) = -6*k(z) + 7*l(z). Suppose 0 = 3*m + 13 + 5. What is w(m)?
-3
Let b(m) = 12*m + 136. Let j be b(-12).